Convert 32303103 (base 5) to base 12.
113463
1127126 (base 11) to base 5
1001040420
Convert -1a7b4a (base 13) to base 9.
-1236744
-627c7 (base 14) to base 2
-111001111111011011
What is -69d13 (base 14) in base 8?
-767335
Convert 24030131 (base 5) to base 16.
35dfa
What is -44768 (base 9) in base 13?
-10736
What is 302764 (base 12) in base 14?
1579b6
Convert -d77289 (base 15) to base 14.
-150b834
Convert 2ffd6 (base 16) to base 13.
6b616
Convert 59159d (base 15) to base 4.
100033111330
What is -102200201200211 (base 3) in base 9?
-12621624
-1d8b49 (base 14) to base 2
-100000011001000011101
3411141 (base 5) to base 6
1142323
21010303230 (base 4) to base 10
2378988
Convert 11895 (base 13) to base 15.
983c
Convert -10100000101011010 (base 2) to base 3.
-11011211220
What is -45889 (base 14) in base 10?
-169073
9bbb (base 13) to base 7
120342
4684808 (base 9) to base 16
26b2b6
What is 1a8580 (base 11) in base 10?
318802
What is -752b3 (base 16) in base 4?
-1311022303
Convert -2203233300 (base 4) to base 16.
-a3bf0
Convert -855a50 (base 12) to base 6.
-113034540
Convert -72a66 (base 11) to base 9.
-171886
Convert 13211001120 (base 4) to base 8.
7450130
6564682 (base 10) to base 7
106541005
Convert 2242131 (base 5) to base 3.
2001021021
Convert 2c84b4 (base 13) to base 16.
10d765
243044141 (base 5) to base 4
10113031313
6478775 (base 10) to base 12
220535b
What is 135331 (base 7) in base 11?
18500
-10020013003 (base 4) to base 3
-2000221221111
What is cce4e (base 15) in base 7?
5351420
What is -279a8 (base 13) in base 5?
-4333120
What is 1102021020 (base 3) in base 6?
333053
What is 502711 (base 13) in base 7?
21553510
What is 21021221110 (base 3) in base 12?
6b103
-2942986 (base 10) to base 14
-568734
Convert -1100010010111011100000 (base 2) to base 6.
-153030304
40031204 (base 5) to base 14
828c2
778771 (base 9) to base 16
71b45
Convert -7025578 (base 11) to base 3.
-212101220010011
Convert 147e28 (base 16) to base 6.
44441400
-2b88687 (base 13) to base 8
-65262406
What is 727476 (base 12) in base 7?
21160215
-44035404 (base 7) to base 3
-21002201210120
What is -21222002001210 (base 3) in base 5?
-2040431401
-10010010110111001100 (base 2) to base 16
-92dcc
What is -1f87a6 (base 16) in base 8?
-7703646
What is 1c3b72 (base 14) in base 8?
3663230
Convert 132320110223 (base 4) to base 2.
11110111000010100101011
What is -12123203301 (base 4) in base 2?
-110011011100011110001
What is 1351565 (base 7) in base 10?
180710
Convert -20123 (base 6) to base 4.
-221103
333311001 (base 4) to base 13
91ccb
What is -2a176 (base 11) in base 2?
-1010011100101100
What is 1011202032 (base 4) in base 6?
10034330
-1000220110202111 (base 3) to base 15
-147e3ba
Convert 30434 (base 12) to base 6.
1202504
Convert -24e53d (base 15) to base 14.
-340cdd
Convert -20271437 (base 9) to base 14.
-1414430
Convert 2341 (base 10) to base 13.
10b1
a952a6 (base 12) to base 2
1010001111010001011110
Convert 30302503 (base 6) to base 3.
1121212211210
What is 23200 (base 13) in base 9?
106767
Convert -24104101 (base 5) to base 6.
-4433345
Convert -1284176 (base 9) to base 4.
-2230021011
What is -33031003 (base 4) in base 13?
-22465
What is -137b0 (base 12) in base 2?
-110100110110100
What is 414242033 (base 5) in base 11?
a6a3a4
Convert 473f46 (base 16) to base 3.
22210020000100
54177 (base 13) to base 11
a4105
What is -3189 (base 11) in base 5?
-113321
35300660 (base 7) to base 8
13671377
What is -12fd2 (base 16) in base 5?
-4442103
Convert 127b4 (base 12) to base 8.
61370
1b976 (base 15) to base 13
31bb4
Convert -14422036 (base 7) to base 15.
-1c0007
What is -11423535 (base 8) in base 6?
-125332045
-3749024 (base 10) to base 11
-2130774
Convert 102441411 (base 5) to base 16.
6ab72
What is 3104056 (base 7) in base 14?
9939d
Convert -18146377 (base 9) to base 7.
-140361655
-1504565 (base 8) to base 2
-1101000100101110101
Convert -10b3a05 (base 12) to base 5.
-1311030314
What is -18443082 (base 9) in base 6?
-531151502
Convert -26195c (base 14) to base 10.
-1310734
Convert 333333 (base 6) to base 16.
6d59
Convert 241041432 (base 5) to base 2.
100001111100000110101
Convert a900aa (base 14) to base 8.
25653746
Convert 11125357 (base 9) to base 6.
311312041
What is -201000121111021 (base 3) in base 15?
-d4a5a1
Convert -105274 (base 9) to base 12.
-304b7
What is -132340012 (base 5) in base 11?
-416a83
Convert -6075597 (base 11) to base 12.
-371a9ab
Convert 161434 (base 13) to base 8.
2051447
1774 (base 14) to base 7
15204
What is -417b4 (base 13) in base 12?
-581a3
What is -1210112100221 (base 3) in base 15?
-13d08d
What is 22223332 (base 4) in base 6?
534354
Convert -23411302 (base 5) to base 3.
-101222220202
-1465501 (base 7) to base 13
-707a4
18b7 (base 12) to base 8
5713
Convert 14368564 (base 10) to base 13.
2c91112
Convert -232579 (base 11) to base 4.
-1122023202
-4280316 (base 10) to base 16
-414ffc
Convert -544600 (base 10) to base 6.
-15401144
-312516 (base 9) to base 10
-185586
Convert 1111102002 (base 3) to base 7.
151613
1cb57b (base 14) to base 15
155329
What is -64055534 (base 7) in base 16?
-52cab4
What is -10106520 (base 8) in base 9?
-4011334
Convert 13312004 (base 5) to base 12.
66332
2012021201 (base 3) to base 15
cc14
What is -4c5e (base 15) in base 7?
-65330
171cb (base 14) to base 13
20526
What is -876a7a (base 11) in base 8?
-5256562
What is -11fcc (base 16) in base 11?
-50399
What is -1053766 (base 8) in base 11?
-184964
Convert 10013112 (base 5) to base 7.
446531
-a82623 (base 12) to base 14
-4d2c0b
-d61dd7 (base 14) to base 7
-115301660
a1b40a (base 12) to base 6
130110414
What is -3079028 (base 10) in base 11?
-1813357
Convert 114144120 (base 5) to base 16.
83342
What is -101011101010011111111010 (base 2) in base 7?
-166202016
Convert f675b (base 16) to base 2.
11110110011101011011
Convert -fb5d (base 16) to base 10.
-64349
What is -27689 (base 12) in base 10?
-54537
2461794 (base 10) to base 2
1001011001000001100010
Convert 21221000201212 (base 3) to base 15.
583318
-10011110110101 (base 2) to base 16
-27b5
Convert 112335224 (base 6) to base 5.
1013044443
-29b8b6 (base 12) to base 7
-5663121
Convert 10111111000010001 (base 2) to base 12.
48729
4339 (base 13) to base 14
3595
164651412 (base 7) to base 3
210020121001000
Convert -7872997 (base 10) to base 4.
-132002013211
Convert -1111111001000000010110 (base 2) to base 13.
-b2b0ac
-3306673 (base 10) to base 11
-1959397
Convert -1001010010120 (base 3) to base 14.
-105971
Convert -22c41f (base 16) to base 4.
-20230100133
1614443 (base 7) to base 15
45dcb
What is -30525013 (base 6) in base 7?
-10333335
Convert 25337 (base 15) to base 2.
11101000001000100
Convert -436261 (base 7) to base 6.
-1350434
Convert -18a954 (base 15) to base 16.
-125065
What is 173140 (base 8) in base 13?
22929
1000131 (base 4) to base 10
4125
What is 9218087 (base 10) in base 6?
525324155
What is -886048 (base 12) in base 2?
-1000010001000010111000
What is -62348 (base 12) in base 9?
-215062
103111101202 (base 4) to base 10
5067874
6cc818 (base 15) to base 11
2a36444
What is 23300302013 (base 4) in base 7?
35131334
Convert 11314222 (base 5) to base 11.
7140a
Convert 11001110101001011111 (base 2) to base 6.
30050355
What is -1bb41 (base 15) in base 11?
-61919
What is c5c6d6 (base 14) in base 5?
3202232020
Convert 503384 (base 9) to base 14.
7a71d
What is 1144431010 (base 5) in base 8?
12332307
Convert -10011111101010011101 (base 2) to base 9.
-1206075
ea43a (base 16) to base 10
959546
-122406 (base 8) to base 5
-2322441
Convert 11505 (base 7) to base 14.
113c
-203723 (base 9) to base 13
-4302c
What is -3332202232 (base 4) in base 10?
-1042606
15699 (base 16) to base 9
143270
b2c78 (base 14) to base 4
1221012322
Convert 12102021222 (base 3) to base 4.
122002121
What is -428835 (base 9) in base 10?
-255830
What is -1522241 (base 6) in base 4?
-111221101
What is 65430 (base 7) in base 8?
37722
What is -4ad666 (base 16) in base 12?
-1786346
What is 28870615 (base 9) in base 8?
66540435
-8477678 (base 9) to base 13
-c2c1aa
-29cb45 (base 13) to base 15
-15487a
Convert 1232715 (base 11) to base 2.
1000001010101110110111
What is 45103152 (base 7) in base 9?
7304230
What is 1181757 (base 9) in base 6?
21450554
What is 128982 (base 10) in base 7?
1045020